ded by 80.
78
Calculate the remainder when 78 is divided by 21.
15
What is the remainder when 1576 is divided by 458?
202
Calculate the remainder when 1268 is divided by 257.
240
Calculate the remainder when 325 is divided by 23.
3
Calculate the remainder when 416 is divided by 15.
11
Calculate the remainder when 621 is divided by 24.
21
Calculate the remainder when 29 is divided by 5.
4
What is the remainder when 263 is divided by 24?
23
What is the remainder when 95 is divided by 48?
47
Calculate the remainder when 234 is divided by 74.
12
Calculate the remainder when 30 is divided by 16.
14
What is the remainder when 2191 is divided by 43?
41
What is the remainder when 393 is divided by 31?
21
Calculate the remainder when 3715 is divided by 22.
19
Calculate the remainder when 3605 is divided by 82.
79
What is the remainder when 145 is divided by 81?
64
What is the remainder when 4532 is divided by 2266?
0
Calculate the remainder when 3252 is divided by 10.
2
Calculate the remainder when 1253 is divided by 22.
21
Calculate the remainder when 7882 is divided by 108.
106
What is the remainder when 4316 is divided by 188?
180
What is the remainder when 77 is divided by 64?
13
What is the remainder when 1123 is divided by 288?
259
Calculate the remainder when 1904 is divided by 21.
14
Calculate the remainder when 342 is divided by 29.
23
What is the remainder when 2515 is divided by 34?
33
Calculate the remainder when 8298 is divided by 23.
18
What is the remainder when 144 is divided by 33?
12
What is the remainder when 25 is divided by 11?
3
What is the remainder when 15 is divided by 7?
1
What is the remainder when 4520 is divided by 410?
10
What is the remainder when 867 is divided by 35?
27
Calculate the remainder when 1194 is divided by 118.
14
What is the remainder when 507 is divided by 85?
82
Calculate the remainder when 229 is divided by 53.
17
What is the remainder when 307 is divided by 5?
2
Calculate the remainder when 150 is divided by 59.
32
Calculate the remainder when 87 is divided by 9.
6
What is the remainder when 485 is divided by 36?
17
Calculate the remainder when 187 is divided by 18.
7
What is the remainder when 1208 is divided by 55?
53
Calculate the remainder when 5689 is divided by 78.
73
What is the remainder when 50 is divided by 29?
21
What is the remainder when 191 is divided by 32?
31
Calculate the remainder when 254 is divided by 32.
30
What is the remainder when 214 is divided by 14?
4
What is the remainder when 26 is divided by 7?
5
What is the remainder when 3727 is divided by 16?
15
Calculate the remainder when 187 is divided by 43.
15
What is the remainder when 57 is divided by 12?
9
What is the remainder when 5057 is divided by 22?
19
Calculate the remainder when 274 is divided by 90.
4
What is the remainder when 1878 is divided by 921?
36
Calculate the remainder when 860 is divided by 94.
14
What is the remainder when 4472 is divided by 5?
2
What is the remainder when 414 is divided by 167?
80
Calculate the remainder when 1243 is divided by 29.
25
What is the remainder when 1475 is divided by 93?
80
What is the remainder when 150 is divided by 21?
3
What is the remainder when 2315 is divided by 61?
58
Calculate the remainder when 884 is divided by 106.
36
What is the remainder when 842 is divided by 76?
6
Calculate the remainder when 61 is divided by 43.
18
What is the remainder when 2377 is divided by 39?
37
What is the remainder when 568 is divided by 208?
152
What is the remainder when 107 is divided by 49?
9
What is the remainder when 3460 is divided by 34?
26
Calculate the remainder when 210 is divided by 57.
39
What is the remainder when 1385 is divided by 14?
13
What is the remainder when 1212 is divided by 327?
231
Calculate the remainder when 655 is divided by 289.
77
Calculate the remainder when 38996 is divided by 50.
46
What is the remainder when 5039 is divided by 15?
14
What is the remainder when 29 is divided by 6?
5
What is the remainder when 2231 is divided by 226?
197
What is the remainder when 2030 is divided by 185?
180
What is the remainder when 21488 is divided by 12?
8
What is the remainder when 573 is divided by 83?
75
Calculate the remainder when 210 is divided by 34.
6
What is the remainder when 9843 is divided by 107?
106
Calculate the remainder when 6157 is divided by 140.
137
Calculate the remainder when 402 is divided by 14.
10
What is the remainder when 567 is divided by 154?
105
What is the remainder when 77 is divided by 54?
23
What is the remainder when 908 is divided by 38?
34
Calculate the remainder when 35543 is divided by 12.
11
What is the remainder when 172 is divided by 29?
27
Calculate the remainder when 961 is divided by 69.
64
What is the remainder when 107 is divided by 50?
7
What is the remainder when 327 is divided by 309?
18
What is the remainder when 126 is divided by 58?
10
Calculate the remainder when 80 is divided by 12.
8
Calculate the remainder when 376 is divided by 103.
67
Calculate the remainder when 48 is divided by 13.
9
Calculate the remainder when 298 is divided by 23.
22
Calculate the remainder when 265 is divided by 46.
35
What is the remainder when 320 is divided by 78?
8
Calculate the remainder when 2958 is divided by 37.
35
What is the remainder when 49 is divided by 13?
10
What is the remainder when 1330 is divided by 89?
84
What is the remainder when 670 is divided by 11?
10
Calculate the remainder when 98 is divided by 80.
18
What is the remainder when 261 is divided by 12?
9
What is the remainder when 140 is divided by 50?
40
What is the remainder when 606 is divided by 61?
57
Calculate the remainder when 414 is divided by 42.
36
What is the remainder when 147 is divided by 134?
13
Calculate the remainder when 508 is divided by 34.
32
Calculate the remainder when 7377 is divided by 96.
81
Calculate the remainder when 96 is divided by 38.
20
What is the remainder when 247 is divided by 152?
95
What is the remainder when 1731 is divided by 62?
57
What is the remainder when 4207 is divided by 27?
22
What is the remainder when 140 is divided by 24?
20
What is the remainder when 357 is divided by 24?
21
Calculate the remainder when 98 is divided by 10.
8
Calculate the remainder when 1556 is divided by 15.
11
What is the remainder when 270 is divided by 12?
6
What is the remainder when 94 is divided by 16?
14
Calculate the remainder when 147 is divided by 140.
7
What is the remainder when 728 is divided by 73?
71
Calculate the remainder when 764 is divided by 95.
4
What is the remainder when 18974 is divided by 11?
10
Calculate the remainder when 300 is divided by 177.
123
What is the remainder when 465 is divided by 109?
29
What is the remainder when 581 is divided by 81?
14
Calculate the remainder when 167 is divided by 17.
14
Calculate the remainder when 8959 is divided by 64.
63
Calculate the remainder when 1451 is divided by 112.
107
Calculate the remainder when 81 is divided by 14.
11
Calculate the remainder when 700 is divided by 27.
25
What is the remainder when 60 is divided by 59?
1
Calculate the remainder when 341 is divided by 333.
8
Calculate the remainder when 37 is divided by 9.
1
What is the remainder when 300 is divided by 69?
24
What is the remainder when 330 is divided by 133?
64
What is the remainder when 63 is divided by 35?
28
What is the remainder when 405 is divided by 17?
14
What is the remainder when 163 is divided by 34?
27
Calculate the remainder when 173 is divided by 30.
23
Calculate the remainder when 1277 is divided by 638.
1
What is the remainder when 1185 is divided by 35?
30
What is the remainder when 8843 is divided by 134?
133
What is the remainder when 24 is divided by 9?
6
Calculate the remainder when 27 is divided by 18.
9
Calculate the remainder when 1307 is divided by 69.
65
What is the remainder when 23786 is divided by 19?
17
Calculate the remainder when 93 is divided by 55.
38
Calculate the remainder when 1436 is divided by 36.
32
Calculate the remainder when 22 is divided by 5.
2
Calculate the remainder when 1381 is divided by 2.
1
What is the remainder when 291 is divided by 5?
1
What is the remainder when 147 is divided by 30?
27
What is the remainder when 3026 is divided by 74?
66
Calculate